{"id":12,"date":"2020-10-09T18:31:47","date_gmt":"2020-10-09T18:31:47","guid":{"rendered":"https:\/\/adminixtra.com\/?page_id=12"},"modified":"2020-10-20T00:59:45","modified_gmt":"2020-10-20T00:59:45","slug":"home","status":"publish","type":"page","link":"https:\/\/adminixtra.com\/","title":{"rendered":"Home"},"content":{"rendered":"<p>[vc_row row_background_lines=&#8221;no&#8221; css=&#8221;.vc_custom_1603133377801{background-color: #222222 !important;}&#8221;][vc_column][rev_slider_vc alias=&#8221;adminixtra&#8221; enable_paspartu=&#8221;no&#8221;][\/vc_column][\/vc_row][vc_row row_background_lines=&#8221;no&#8221; el_class=&#8221;edgtf-particles&#8221; css=&#8221;.vc_custom_1603134244754{padding-top: 120px !important;padding-bottom: 120px !important;}&#8221;][vc_column][vc_row_inner row_content_width=&#8221;grid&#8221;][vc_column_inner width=&#8221;1\/2&#8243; css=&#8221;.vc_custom_1602792628839{padding-top: 120px !important;}&#8221;][vc_column_text css_animation=&#8221;bounceIn&#8221;]<span style=\"font-weight: 400;\"><strong>Adminixtra<\/strong> es una plataforma de negocios dise\u00f1ada en bloques que le permite a tu empresa tener una soluci\u00f3n personalizada, en la que se automaticen los procesos de negocio y el an\u00e1lisis de informaci\u00f3n. Todo esto con el fin de plasmar las ventajas competitivas propias de la empresa en su transformaci\u00f3n digital. <\/span>[\/vc_column_text][\/vc_column_inner][vc_column_inner width=&#8221;1\/2&#8243;][vc_single_image image=&#8221;168&#8243; img_size=&#8221;full&#8221; alignment=&#8221;center&#8221; css_animation=&#8221;bounceInRight&#8221;][\/vc_column_inner][\/vc_row_inner][\/vc_column][\/vc_row][vc_row row_background_lines=&#8221;no&#8221; el_id=&#8221;content-blocks&#8221;][vc_column][vc_row_inner][vc_column_inner width=&#8221;1\/2&#8243; css=&#8221;.vc_custom_1603155578859{padding-top: 80px !important;padding-right: 60px !important;padding-bottom: 60px !important;padding-left: 60px !important;background-image: url(https:\/\/adminixtra.com\/wp-content\/uploads\/2020\/10\/bg-box-6.jpg?id=125) !important;background-position: center !important;background-repeat: no-repeat !important;background-size: cover !important;}&#8221; el_id=&#8221;box-1&#8243;]<div class=\"edgtf-iwt clearfix  edgtf-iwt-icon-top edgtf-iwt-icon-tiny\">\n\t<div class=\"edgtf-iwt-icon\">\n\t\t\t\t\t\t\t\t\t<img width=\"82\" height=\"82\" src=\"https:\/\/adminixtra.com\/wp-content\/uploads\/2020\/10\/analiza-82.png\" class=\"attachment-full size-full\" alt=\"\" loading=\"lazy\" \/>\t\t\t\t\t\t<\/div>\n\t<div class=\"edgtf-iwt-content\" >\n\t\t\t\t\t\t\t<h5 class=\"edgtf-iwt-text\" style=\"color: #ffffff\">Consulta y analiza la informaci\u00f3n financiera de tu empresa en tiempo real.<\/h5>\n\t\t        \n\t<\/div>\n<\/div>[\/vc_column_inner][vc_column_inner width=&#8221;1\/2&#8243; css=&#8221;.vc_custom_1603155016008{padding-top: 80px !important;padding-right: 60px !important;padding-bottom: 60px !important;padding-left: 60px !important;background-image: url(https:\/\/adminixtra.com\/wp-content\/uploads\/2020\/10\/trash-can-copia.png?id=94) !important;background-position: center !important;background-repeat: no-repeat !important;background-size: cover !important;}&#8221; el_id=&#8221;box-2&#8243;]<div class=\"edgtf-iwt clearfix  edgtf-iwt-icon-top edgtf-iwt-icon-tiny\">\n\t<div class=\"edgtf-iwt-icon\">\n\t\t\t\t\t\t\t\t\t<img width=\"82\" height=\"82\" src=\"https:\/\/adminixtra.com\/wp-content\/uploads\/2020\/10\/captura-82.png\" class=\"attachment-full size-full\" alt=\"\" loading=\"lazy\" \/>\t\t\t\t\t\t<\/div>\n\t<div class=\"edgtf-iwt-content\" >\n\t\t\t\t\t\t\t<h5 class=\"edgtf-iwt-text\" style=\"color: #0a0a0a\">Elimina actividades de captura. Genera en segundos, cotizaciones, pedidos, \u00f3rdenes de producci\u00f3n y facturas.<\/h5>\n\t\t        \n\t<\/div>\n<\/div>[\/vc_column_inner][\/vc_row_inner][vc_row_inner][vc_column_inner width=&#8221;1\/2&#8243; css=&#8221;.vc_custom_1603155022391{padding-top: 80px !important;padding-right: 60px !important;padding-bottom: 60px !important;padding-left: 60px !important;background-image: url(https:\/\/adminixtra.com\/wp-content\/uploads\/2020\/10\/bg-box-2.jpg?id=35) !important;background-position: center !important;background-repeat: no-repeat !important;background-size: cover !important;}&#8221;]<div class=\"edgtf-iwt clearfix  edgtf-iwt-icon-top edgtf-iwt-icon-tiny\">\n\t<div class=\"edgtf-iwt-icon\">\n\t\t\t\t\t\t\t\t\t<img width=\"82\" height=\"82\" src=\"https:\/\/adminixtra.com\/wp-content\/uploads\/2020\/10\/sales-funnel-82.png\" class=\"attachment-full size-full\" alt=\"\" loading=\"lazy\" \/>\t\t\t\t\t\t<\/div>\n\t<div class=\"edgtf-iwt-content\" >\n\t\t\t\t\t\t\t<h5 class=\"edgtf-iwt-text\" style=\"color: #000000\">Gestiona a la perfecci\u00f3n los costos de tus proyectos.<\/h5>\n\t\t        \n\t<\/div>\n<\/div>[\/vc_column_inner][vc_column_inner width=&#8221;1\/2&#8243; css=&#8221;.vc_custom_1603155027967{padding-top: 80px !important;padding-right: 60px !important;padding-bottom: 60px !important;padding-left: 60px !important;background-image: url(https:\/\/adminixtra.com\/wp-content\/uploads\/2020\/10\/bg-box-4.jpg?id=103) !important;background-position: center !important;background-repeat: no-repeat !important;background-size: cover !important;}&#8221;]<div class=\"edgtf-iwt clearfix  edgtf-iwt-icon-top edgtf-iwt-icon-tiny\">\n\t<div class=\"edgtf-iwt-icon\">\n\t\t\t\t\t\t\t\t\t<img width=\"82\" height=\"82\" src=\"https:\/\/adminixtra.com\/wp-content\/uploads\/2020\/10\/folder.png\" class=\"attachment-full size-full\" alt=\"\" loading=\"lazy\" \/>\t\t\t\t\t\t<\/div>\n\t<div class=\"edgtf-iwt-content\" >\n\t\t\t\t\t\t\t<h5 class=\"edgtf-iwt-text\" style=\"color: #ffffff\">Almacena en un archivo digital avanzado todos tus documentos CFDI.<\/h5>\n\t\t        \n\t<\/div>\n<\/div>[\/vc_column_inner][\/vc_row_inner][\/vc_column][\/vc_row][vc_row row_background_lines=&#8221;no&#8221;][vc_column][rev_slider_vc alias=&#8221;home-B&#8221; enable_paspartu=&#8221;no&#8221;][\/vc_column][\/vc_row][vc_row parallax=&#8221;content-moving&#8221; parallax_image=&#8221;131&#8243; row_background_lines=&#8221;no&#8221; css=&#8221;.vc_custom_1602822193753{padding-top: 120px !important;padding-bottom: 120px !important;}&#8221;][vc_column][vc_row_inner row_content_width=&#8221;grid&#8221;][vc_column_inner width=&#8221;1\/6&#8243;][\/vc_column_inner][vc_column_inner width=&#8221;2\/3&#8243;][vc_column_text css_animation=&#8221;bounceIn&#8221; css=&#8221;.vc_custom_1602822403775{margin-bottom: 32px !important;}&#8221;]<\/p>\n<h3 style=\"text-align: center;\"><span style=\"color: #ffffff;\"><b>NOSOTROS <\/b><\/span><\/h3>\n<p>[\/vc_column_text][vc_column_text css_animation=&#8221;fadeIn&#8221; css=&#8221;.vc_custom_1603136732729{padding-top: 32px !important;padding-bottom: 32px !important;}&#8221;]<\/p>\n<p style=\"text-align: center;\"><span style=\"color: #ffffff;\"><span style=\"font-weight: 400;\">El equipo de <strong>ADMINIXTRA<\/strong> somos un equipo multidisciplinario de profesionales apasionados por la tecnolog\u00eda, expertos en el an\u00e1lisis, creaci\u00f3n e implementaci\u00f3n de herramientas que potencialicen de manera efectiva los resultados de tu empresa.<\/span><\/span><\/p>\n<p>[\/vc_column_text][\/vc_column_inner][vc_column_inner width=&#8221;1\/6&#8243;][\/vc_column_inner][\/vc_row_inner][\/vc_column][\/vc_row][vc_row row_background_lines=&#8221;no&#8221; css=&#8221;.vc_custom_1602857311912{padding-top: 120px !important;padding-bottom: 120px !important;}&#8221; el_class=&#8221;edgtf-particles&#8221;][vc_column][vc_row_inner row_content_width=&#8221;grid&#8221;][vc_column_inner][vc_column_text css_animation=&#8221;bounceIn&#8221; css=&#8221;.vc_custom_1602857976585{margin-bottom: 32px !important;}&#8221;]<\/p>\n<h3 style=\"text-align: center;\"><span style=\"color: #ed6320;\"><b>CONT\u00c1CTANOS:<\/b><\/span><\/h3>\n<p>[\/vc_column_text][vc_column_text css_animation=&#8221;fadeIn&#8221;]<\/p>\n<p style=\"text-align: center;\"><span style=\"color: #ed6320;\"><i class=\"edgtf-icon-font-awesome fa fa-envelope edgtf-icon-element\" style=\"color: #ed6320; font-size: 16px;\"><\/i> <span style=\"color: #333333;\"><strong>Correo: <\/strong><a style=\"color: #333333;\" href=\"mailto:info@adminixtra.com\"><span style=\"font-weight: 400;\">info@adminixtra.com<\/span><\/a><\/span><\/span><\/p>\n<p style=\"text-align: center;\"><span style=\"font-weight: 400; color: #333333;\"><i class=\"edgtf-icon-font-awesome fa fa-map-marker edgtf-icon-element\" style=\"color: #ed6320; font-size: 16px;\"><\/i> <strong>Direcci\u00f3n:<\/strong> Humberto Lobo 240-2 Col. Valle Garza Garc\u00eda NL, 66220.<\/span><\/p>\n<p style=\"text-align: center;\"><span style=\"font-weight: 400; color: #333333;\"><i class=\"edgtf-icon-font-awesome fa fa-phone edgtf-icon-element\" style=\"color: #ed6320; font-size: 16px;\"><\/i> <strong>Tel\u00e9fono:<\/strong> +52 (81) 1352-6263<\/span><\/p>\n<p>[\/vc_column_text][\/vc_column_inner][\/vc_row_inner][\/vc_column][\/vc_row]<\/p>\n","protected":false},"excerpt":{"rendered":"<p>[vc_row row_background_lines=&#8221;no&#8221; css=&#8221;.vc_custom_1603133377801{background-color: #222222 !important;}&#8221;][vc_column][rev_slider_vc alias=&#8221;adminixtra&#8221; enable_paspartu=&#8221;no&#8221;][\/vc_column][\/vc_row][vc_row row_background_lines=&#8221;no&#8221; el_class=&#8221;edgtf-particles&#8221; css=&#8221;.vc_custom_1603134244754{padding-top: 120px !important;padding-bottom: 120px !important;}&#8221;][vc_column][vc_row_inner row_content_width=&#8221;grid&#8221;][vc_column_inner width=&#8221;1\/2&#8243; css=&#8221;.vc_custom_1602792628839{padding-top: 120px !important;}&#8221;][vc_column_text css_animation=&#8221;bounceIn&#8221;]Adminixtra es una plataforma de negocios dise\u00f1ada en bloques que le permite a tu empresa tener una soluci\u00f3n personalizada, en la [&hellip;]<\/p>\n","protected":false},"author":1,"featured_media":0,"parent":0,"menu_order":0,"comment_status":"closed","ping_status":"closed","template":"full-width.php","meta":[],"_links":{"self":[{"href":"https:\/\/adminixtra.com\/index.php\/wp-json\/wp\/v2\/pages\/12"}],"collection":[{"href":"https:\/\/adminixtra.com\/index.php\/wp-json\/wp\/v2\/pages"}],"about":[{"href":"https:\/\/adminixtra.com\/index.php\/wp-json\/wp\/v2\/types\/page"}],"author":[{"embeddable":true,"href":"https:\/\/adminixtra.com\/index.php\/wp-json\/wp\/v2\/users\/1"}],"replies":[{"embeddable":true,"href":"https:\/\/adminixtra.com\/index.php\/wp-json\/wp\/v2\/comments?post=12"}],"version-history":[{"count":134,"href":"https:\/\/adminixtra.com\/index.php\/wp-json\/wp\/v2\/pages\/12\/revisions"}],"predecessor-version":[{"id":203,"href":"https:\/\/adminixtra.com\/index.php\/wp-json\/wp\/v2\/pages\/12\/revisions\/203"}],"wp:attachment":[{"href":"https:\/\/adminixtra.com\/index.php\/wp-json\/wp\/v2\/media?parent=12"}],"curies":[{"name":"wp","href":"https:\/\/api.w.org\/{rel}","templated":true}]}}